et t(g) = -g**3 + 7*g**2 - 5*g - 7. Let u be t(5). Let d = -10 + u. Calculate the remainder when 14 is divided by d.
6
Let b = -58 + 101. Let v be -1 + (2 - 0 - -6). Suppose v*f - 4*f = 33. Calculate the remainder when b is divided by f.
10
Let d(v) = -v**2 - 7*v + 14. What is the remainder when d(-7) is divided by 8?
6
Let t = 16 + 16. What is the remainder when 61 is divided by t?
29
Let t be (8/6)/((-2)/(-9)). Let r be t/3 - -58 - 0. Suppose -k - 4*k = -r. What is the remainder when 22 is divided by k?
10
Let y be (-2)/(-9) + (-42)/(-54). Let n be -3*y/(-6)*86. Suppose 5*m + 3*p = n, -37 = -5*m - p + 4. What is the remainder when 14 is divided by m?
6
Let t = 113 - 74. Let d = -27 + t. Let g = d + -6. What is the remainder when 17 is divided by g?
5
Let l(h) = 23*h - 4. Let w be l(4). Suppose 0 = -4*y - 4*u + w, -4 = -3*u - u. Calculate the remainder when y is divided by 8.
5
Calculate the remainder when 88 is divided by -6*(-5)/15*9.
16
Suppose -5*u - 5*a = -0*a - 85, -3*u - 5*a = -53. Let d(b) = -b**2 - 5*b + 5. Let j be d(-7). Let q = j - -55. Calculate the remainder when q is divided by u.
14
Let n(z) = -4*z + 2. Let b be n(4). Let w = b - -26. Calculate the remainder when 44 is divided by w.
8
Suppose -z - 3 = 2*z. Let l = 9 + z. Calculate the remainder when 30 is divided by l.
6
Let c(h) = h**3 - 11*h**2 + 2*h - 14. Let a be c(11). Let x = a + -4. Calculate the remainder when 13 is divided by x.
1
Let c be (-4)/(-1 + 4 - 5). Suppose -c*t + 9 = -t. What is the remainder when t is divided by 6?
3
Let c(z) = 14*z - 18. What is the remainder when c(5) is divided by 20?
12
Let p = 6 - 0. Suppose -5*a - 3 + 13 = 0. Calculate the remainder when p - 0 - (3 - 1) is divided by a.
0
Suppose -4*a + 2*a + 8 = 0. Suppose -15 = -q - 4*w - w, 12 = a*w. Suppose q*z - z = -6. What is the remainder when 17 is divided by z?
5
Suppose 5*y - 6 = 19. Suppose -5*m - 30 + y = 0, 118 = 3*x + 4*m. Calculate the remainder when x is divided by 16.
14
Suppose t + 22 = -5*h - 0*t, 0 = 4*h + 5*t + 26. Let i(a) = -1 + 4 - a + 2 - 4. What is the remainder when i(h) is divided by 3?
2
What is the remainder when 32 is divided by 11 - 4/2*3/(-6)?
8
Suppose -3*k - 18 = -2*u, 0 = -u + k + k + 11. Calculate the remainder when 13 is divided by u.
1
Suppose 11 + 13 = 3*g. Calculate the remainder when 29 is divided by g.
5
Let x(w) = 2*w + 1. Let n be x(6). Suppose -2*u = -n + 3. Let q(g) = 3*g - 9. What is the remainder when q(6) is divided by u?
4
Let c = -28 - -18. Suppose -46 + 16 = -5*p. Calculate the remainder when 96/10 + (-4)/c is divided by p.
4
Suppose -4*z = -39 - 17. Let v = -13 - -7. Let f(r) = -r**3 - 6*r**2 + 5. What is the remainder when z is divided by f(v)?
4
Let c(t) = t**2 - 5*t. Let d be (-1)/(-2)*1*0. Suppose d = -b - 3*b + 104. Calculate the remainder when b is divided by c(7).
12
Let o(f) = 2*f**2 + 6*f + 1. Let t = -53 + 87. Calculate the remainder when t is divided by o(-4).
7
Suppose -5*q + 2*q + 50 = -2*v, -2*v + 20 = 2*q. What is the remainder when 38 is divided by q?
10
Let w(k) = k**3 + 7*k**2 - 9*k + 10. What is the remainder when 53 is divided by w(-8)?
17
Let x be 552/60 - (-2)/(-10). Suppose -l = -n + x, n = -3*n + 5*l + 35. What is the remainder when n is divided by 3?
1
Let r = -26 + 28. Let q(s) = s + 3. Let g be q(-5). Calculate the remainder when 28 is divided by r/(2/((-20)/g)).
8
Suppose -2*n + 2*w = -10, -4*w = n - 3*n + 10. Let y be 1 - (-2 + (n - 2)). Suppose y = -4*b, -v - 2*b + 4 = b. What is the remainder when 9 is divided by v?
1
Let w = -3 + 10. Calculate the remainder when 27 is divided by w.
6
Let z = -28 + 45. Calculate the remainder when z is divided by 10.
7
Suppose 5*f - 2 - 8 = 0. Suppose -5*w + 5*c + 5 = 0, -3*w + 3*c + 1 = -2*w. Let m(p) = -p + 2. Calculate the remainder when f is divided by m(w).
0
Let q be -1*-1*(-1)/1. Let x be 3 + q*4 + 104. Let p = x + -69. Calculate the remainder when p is divided by 12.
10
Suppose 5*m - 12 = -2*n + 24, 3*n - 54 = 3*m. What is the remainder when 85 is divided by n?
13
Let g = -37 + 52. What is the remainder when g is divided by 10?
5
Suppose k = -z - 8, 0 = k + k + 4*z + 24. Let j = 8 + k. Let h = j + 5. Calculate the remainder when h is divided by 5.
4
Let m = 24 + -14. Let t(v) = -3*v - 19. Let w be t(8). Let n = -24 - w. What is the remainder when n is divided by m?
9
Let u = 49 - -27. What is the remainder when u is divided by 20?
16
Suppose -76 = -5*y - 2*s - 7, 9 = y - 2*s. Calculate the remainder when y is divided by 3.
1
Let i(k) = -6 + 0 + 0*k + k. Let m be i(8). Suppose 3*n = -m*n + 160. Calculate the remainder when n is divided by 11.
10
Suppose -2*c + 7*n - 3*n = 0, -c = 4*n - 18. What is the remainder when c is divided by 2?
0
Let n = 78 - 72. What is the remainder when n is divided by 3?
0
Suppose -2*c + 4*t - 8 = 0, 2*c = 2*t - 2 - 0. Suppose c*r = -2*r + 84. What is the remainder when 40 is divided by r?
19
Let t = -16 + 34. Calculate the remainder when 71 is divided by t.
17
Let q = -67 - -165. Calculate the remainder when q is divided by 26.
20
Suppose -3*j + 60 = 2*j. Let p(v) = v**3 + 6*v**2 - 4. Calculate the remainder when p(-3) is divided by j.
11
What is the remainder when 4 - (8 + 0) - -14 is divided by 5?
0
Suppose -3*i + 2*z + 0*z = -147, 196 = 4*i + 5*z. What is the remainder when i is divided by 19?
11
Suppose 0 = -0*p - 3*p + 18. Calculate the remainder when 22 is divided by p.
4
Suppose -51 = -o + 4*w, 0 = -2*o - 3*w - 0*w + 157. What is the remainder when o is divided by 15?
11
Suppose -d + 2*d = 53. Let p = 22 + 5. What is the remainder when d is divided by p?
26
Suppose 0 = 11*h - 112 - 53. Suppose -n + 3*l = 4*n - 54, -l = 5*n - 42. What is the remainder when h is divided by n?
6
Suppose -4*b + 4*p + 32 = 0, 4*b - 15 = -2*p - 1. Suppose 7 + 68 = b*u. What is the remainder when u is divided by (-86)/(-11) - 2/(-11)?
7
Suppose -2 - 24 = -q. What is the remainder when 75 is divided by q?
23
Let y(t) = -5*t - 30. Let i(b) = -b - 6. Let f(l) = -11*i(l) + 2*y(l). What is the remainder when 9/6 + (-87)/(-6) is divided by f(0)?
4
Suppose 0 = 5*u, -3*v - 3*u = -v - 44. Let z be (-2 + 1)/(4/(-12)). Suppose o = -z*o + 48. What is the remainder when v is divided by o?
10
Suppose -3*g = -2*g - 3. Let l(u) = -4*u - 3. Let w be l(g). Let q = -9 - w. What is the remainder when 11 is divided by q?
5
Suppose 2*m = -0*m. Calculate the remainder when m + 55 + 5 + -2 is divided by 15.
13
Let w = -7 + 9. Suppose -l = -w - 1, 3*a - 3*l - 6 = 0. Calculate the remainder when 9 is divided by a.
4
Suppose d + 1 = 17. What is the remainder when 2/2*(-225)/(-6 - -1) is divided by d?
13
Let j be -3 - ((-6)/3 - -8). Let l = 1 - j. Suppose -4 = -2*t + 4*z, 5*t - z = -4*z + 36. Calculate the remainder when l is divided by t.
4
Calculate the remainder when -10 + 93 + 4/1 is divided by 44.
43
Let b be 1/3 - (-1126)/6. Suppose 4*q + 0*q - b = 0. What is the remainder when q is divided by 24*(4/(-3) + 2)?
15
Suppose -3*z - 16 = 5. Let m(y) = y**2 + 4*y - 9. Calculate the remainder when m(z) is divided by (-1)/(-3) - 20/(-3).
5
Let l(n) = n**3 + 5*n**2 + 6*n + 10. Let v be l(-4). Suppose 4*b - g = 55, -26 = -2*b - 0*b + v*g. Calculate the remainder when 40 is divided by b.
12
Let t = 130 - 127. What is the remainder when 17 is divided by t?
2
Let v be (-1 + 1)*(-7)/(-7). Suppose -3*i - 2*i + 10 = v. What is the remainder when 24 is divided by 15 - 2*(3 - i)?
11
Suppose -38*n = -31*n - 1351. What is the remainder when n is divided by 49?
46
Let z(b) = 11*b**2 - 2*b + 2. What is the remainder when 19 is divided by z(1)?
8
Let u = 118 + -19. Calculate the remainder when u is divided by 17.
14
Suppose 3*o - 6 = 0, 2*c + 0*c + 2*o - 10 = 0. Suppose 50 = 5*w - c*w. Let v = 3 - -6. Calculate the remainder when w is divided by v.
7
Let h(o) = 6*o - 1. Let p be h(-6). Let u(s) = -4*s**2 + 4*s + 1. Let g be u(5). Let f = p - g. Calculate the remainder when f is divided by 22.
20
What is the remainder when ((-70)/6)/((-1)/3) is divided by ((-12)/(-7))/((-1)/(-7))?
11
Suppose -141 = -5*n + 2*r, -2*r - 2*r = -3*n + 93. What is the remainder when 107 is divided by n?
26
Let s = 101 + -72. Calculate the remainder when 84 is divided by s.
26
Let j(a) = -a**3 - 5*a**2 - 3*a + 3. Let q be j(-3).